0/(-980). Let n(z) = z**2 - 5*z + 8. What is n(r)?
2
Let l(d) = -5 + 21 - 22 - 26 + d - 31. Determine l(6).
-57
Suppose 106 = 29*f - 80 + 41. Let n(j) = j**2 - 8*j + 13. What is n(f)?
-2
Let p(j) = 6*j - 4*j - 13 - 3*j. Suppose 90 = 70*m - 151*m + 72*m. Calculate p(m).
-3
Let p(l) = -8*l**2 + l + 14. Let h(t) = 51*t**2 - 15*t - 56. Let r(j) = -h(j) - 6*p(j). Give r(6).
-82
Let k(f) be the third derivative of f**5/60 + 25*f**4/24 - 19*f**3/6 + 27*f**2. Let g be k(-26). Let o(m) = -71*m + 63*m - m**2 - g + 1. Calculate o(-7).
1
Let p(g) = 2 + 2 - 2 - 3*g - 3. Suppose 0 = -2*r + 120 - 108. Suppose 22*d = r + 82. Determine p(d).
-13
Let v(g) = g**2 + 11*g + 34. Let t be v(-10). Suppose t*b + 217 = -7*b. Let z(w) = 3*w**2 + w**3 - 9*w + 1 + 3*w**2 + w. Determine z(b).
8
Let a(l) = l**2 + 7*l + 5. Let d(s) = 10*s - 56. Suppose -5*u - 7 = 4*m - 27, -3*u = 4*m - 20. Let j be d(m). Calculate a(j).
-1
Let p(g) = -g**3 + g**2 + 3*g - 6. Let f(r) = 34*r - 439. Let w be f(13). Determine p(w).
-15
Let p = 17 + -30. Let q = p - -16. Let c(o) = o**3 + 2*o**2 - o - 1. Let i(a) = -2*a**3 - 7*a**2 + 6. Let w(t) = -3*c(t) - i(t). Calculate w(q).
-12
Let o(h) = -125 - h + 286 - 142. What is o(-5)?
24
Let p(i) = 10*i + 27. Let c = -6274 + 6272. Calculate p(c).
7
Let u = -15962 - -15952. Let n(w) = w**2 + 12*w + 49. Give n(u).
29
Let m(b) = -b**3 - 3*b**2 + 5*b. Suppose 16 = 4*l, 0 = 4*p + l + 33 + 83. Let k(a) = -a**2 - 33*a - 94. Let j be k(p). Determine m(j).
-4
Let f(v) = 9*v**2 - 111*v + 16. Let m(o) = 8*o**2 - 99*o + 15. Let p(t) = 7*f(t) - 8*m(t). Give p(15).
-8
Let q be (-166)/(-14) - ((-100)/14 - -7). Let x(v) be the third derivative of 0 - 4/3*v**3 - 1/8*v**4 + q*v**2 + 0*v. Calculate x(-6).
10
Let d(v) = -3*v**2 - 16*v + 37. Let r = -2680 + 2673. What is d(r)?
2
Let o(k) = k**3 - 25*k**2 + 18*k + 157. Let t be o(24). Let c(n) = n**3 - 12*n**2 - n + 9. What is c(t)?
165
Let b be (0/3)/(((-4)/(-2))/(-1)). Let y(s) = s**2 - 2*s + 5. Let v be y(b). Let o(u) = -u**2 + 6*u - v - 71*u**3 - 2*u - 3*u + 70*u**3. Calculate o(0).
-5
Let j(y) be the first derivative of 35*y**4/4 - y**3/3 - y + 2309. Calculate j(-1).
-37
Let l(n) = -27*n + 5. Let i = -4837 - -4838. Determine l(i).
-22
Let f(a) = a**2 - 8*a + 3. Let h be 2/((-258)/42 - -6). Let j be ((-480)/(-210))/((-4)/h). Determine f(j).
3
Let n(g) = -g + 13. Let q be n(9). Suppose -o - m - 37 = -q*m, 2*m = -o - 57. Let x = -48 - o. Let k(p) = -7*p**2 - p + 1. Give k(x).
-7
Let l(t) = t - 3. Let u(p) = p**3 + 5*p**2 - 2*p - 2. Let c be u(-5). Suppose -2*d - w + 40 = w, d - 2*w - c = 0. Suppose -d = g - 16. Calculate l(g).
-3
Let d(u) = -u**3 + 10*u**2 - 17*u - 12. Let k(o) = 5*o**3 - 21*o**2 + 6*o. Let y be k(4). What is d(y)?
-20
Let u = -13917 - -13901. Let i(k) = -k**3 - 16*k**2 + 5*k + 24. Give i(u).
-56
Let z(g) be the second derivative of 0*g**3 - 1 + 2/3*g**4 - 5*g**2 - g + 1/20*g**5. Calculate z(-8).
-10
Let m(k) = 105*k - 1. Let w(h) = 13*h + 2. Let v(b) = -m(b) + 8*w(b). What is v(-6)?
23
Let f(t) = 19*t**2. Suppose 0 = 5*c - 0*c - 4*o, -25 = -5*o. Suppose 4*h = -i - 4*i + 47, -2*i = h - 17. Suppose 3 = c*n + i. Calculate f(n).
19
Suppose 2*n - n + 33 = 29. Let g(o) = o + 1. Let y(r) = -r - 2. Let m(a) = -7*g(a) - 4*y(a). What is m(n)?
13
Let j(p) = -1711 + 76*p + 2759 - 1878. What is j(11)?
6
Let c be 2/(-4)*0/(-1). Let u = -7 + c. Let j(m) = 9372095*m + 9 + 9372096*m - m**2 - 18744194*m. What is j(u)?
-19
Let j(v) = v**3 - 5*v**2 + 3*v - 2. Suppose 2*r - 5*c - 31 = 0, -10*r - 5*c - 10 = -5*r. Give j(r).
-11
Let p(q) be the first derivative of -4*q**3 + 54*q**2 - 4*q - 3747. What is p(9)?
-4
Suppose 3*j = 8*j - 15. Suppose 4*h + h + 240 = 5*r, 4*r - j*h - 187 = 0. Let n = r - 39. Let l(a) = -2*a + 3. Calculate l(n).
-5
Let g(m) = 2*m**2 - 74*m + 60. Let q be (35/(-15) - -3)/1 + (-1166)/(-33). Calculate g(q).
-12
Let j = 216 + -213. Let y(w) be the third derivative of 0*w + 0 + 15*w**2 + 1/8*w**4 + 1/3*w**j - 1/120*w**6 - 1/15*w**5. Calculate y(-5).
12
Let m = 4 - 10. Let i(f) = 1. Let a(l) = l + l**2 - 4555 + 4558 + 3*l. Let k(g) = -a(g) - i(g). Calculate k(m).
-16
Let t(x) = -39*x**3 - 2*x**2 + 122 + 14*x**3 - 2*x - 120 + 23*x**3. What is t(-2)?
14
Let a(y) = -39 + 24*y - 12*y + 55 + 6. What is a(8)?
118
Let v be (-18)/(-90) + ((-8)/10)/4. Suppose 7*q + 27 - 62 = v. Let b(w) = w**2 - 7*w - 1. What is b(q)?
-11
Let x be 12/9 - 6/(-9). Let u be (-6)/(x*(-6)/(-8)). Let p(c) be the first derivative of -c**4/4 - c**3 + 7*c**2/2 + 6*c - 369. What is p(u)?
-6
Let t(k) = -6*k - 4. Let w(g) = -5*g - 3. Let y(n) = -6*t(n) + 7*w(n). Let r = -7962 + 7962. Give y(r).
3
Let z = -4643 + 4645. Let y(a) = -4*a**2 + 4*a - 5. Calculate y(z).
-13
Let q(y) = -y**3 + 4*y**2 - y + 2. Suppose -3*t = -0 - 15. Suppose 0 = -t*a - 4*z - 1364, 4*a + 288 + 796 = 4*z. Let k be a/(-72) - 4/(-18). Calculate q(k).
-2
Let n(l) = 56*l + 15. Let d be n(0). Let f(m) = -3*m + 36. Calculate f(d).
-9
Let o(z) = 60*z - 10. Suppose 0 = -45*u - 1616 + 1706. Calculate o(u).
110
Let f(o) = 11*o + 1. Suppose -5 = 4*g + a, -2*a - 4 = 5*g + 6. Suppose -5*x + 4 - 69 = g. Let s(j) = j**2 + 12*j - 14. Let d be s(x). Determine f(d).
-10
Let w(n) = -2*n + 7. Let q(x) = -2*x**2 + 6*x + 7. Let g be q(-1). Let t be (g + 2)/((1/7)/1). Calculate w(t).
-7
Suppose -12*c + 557 - 233 = 6*c. Let q(g) = g**2 + 4*g - 391. Give q(c).
5
Let z(u) be the first derivative of -17*u**4/2 + u**3/3 + u**2/2 - u - 1748. Let i = 5 + -4. Calculate z(i).
-33
Let p(w) = 41 - 65*w + 41*w - 92 - 21 - 75. What is p(-6)?
-3
Let s = -93460 + 93458. Let p(z) be the second derivative of -z**4/12 - z**3/6 + z**2 + z. Let b(n) be the first derivative of p(n). What is b(s)?
3
Let m(f) = -7*f - 1. Let b(q) = 1. Let v(r) = 24*r. Let d(h) = -3*b(h) - v(h). Let l(z) = -2*d(z) + 7*m(z). Give l(3).
-4
Suppose -4*h + v - 314 = -v, 5*v - 385 = 5*h. Let b = h + 81. Let i(x) = 6 + b + x**2 + 11*x - 15 + 0. Determine i(-12).
4
Let y be 2 - -1*(4 - 5). Let v be -4 - (4 + -11)*y. Suppose -3*p + 3 = -3*h, -5 = -2*p + v*h + 2*h. Let s(n) = n**3 - n + 3. What is s(p)?
3
Let h(y) = 3 - 5*y**2 + 3 + 17*y + 2*y**3 - 15*y - 3*y**3. Let f be (12 - 7)*(-1 - (-3 - -3)). Calculate h(f).
-4
Let p(w) = w - 36 - 35 + 99 - 30. Calculate p(-6).
-8
Let c = 1373 - 1371. Let m(k) = -4*k - 3. What is m(c)?
-11
Let n be (-176)/(8/48*-4). Let o = n + -262. Let w(c) = -3*c**3 + 2*c**2 + 3*c - 2. What is w(o)?
-12
Suppose 0 = -3*k + 179 + 118. Suppose 7*q + k = -2*q. Let y(t) = t**3 + 10*t**2 - 10*t + 9. Determine y(q).
-2
Let q(d) = 2*d**2 - 2*d - 2. Let c be ((-25)/(-10) + -2)*-2. Let p(j) = 3*j**2 - 14*j - 15. Let o be p(c). What is q(o)?
2
Let z(g) = -6*g**2 + 7*g**2 + 0 + 3 + g**2 + 2*g. Suppose -43*x = -52*x - 27. What is z(x)?
15
Suppose -5*s + 8 = -7. Let f(n) be the first derivative of n**5/60 + n**3/2 - n**2 - 8. Let g(t) be the second derivative of f(t). Give g(s).
12
Let l(i) = -13*i + 185. Let c = 4285 + -4271. What is l(c)?
3
Let h = 3519 - 3520. Let s(b) = 4*b**2 + 2*b + 1. Give s(h).
3
Let z(a) = -19*a**3 + 84*a**2 + 412*a - 110. Let k(n) = 7*n**3 - 28*n**2 - 145*n + 36. Let l(t) = 11*k(t) + 4*z(t). Calculate l(-26).
-70
Let a(i) = 511 + 3*i - 161 - 174 - 167 - 2*i. Determine a(-3).
6
Let f(q) = 7*q - 48 - 7 + 76. Determine f(-1).
14
Let o(f) = 4*f - 3. Suppose -2*b - 4*d = -22, -3*b + 2*d + d - 12 = 0. What is o(b)?
1
Suppose 0 = 2*k + 310 + 100. Let i be (-1)/8 - k/40. Suppose i*o = 6*o + 1. Let j(c) = -9*c - 1. Calculate j(o).
8
Let b = -285 - -283. Let t = -13 - -15. Let a(o) = 4*o**2 + 6*o + 16. Let p(g) = g**2 + 2*g + 5. Let d(m) = t*a(m) - 7*p(m). Calculate d(b).
5
Let z(t) = 2*t**2 + 7*t - 10. Let n be z(2). Let c(g) = g + 10 + 2 - 16 + n. Determine c(-8).
0
Let l be (-528)/2 + (2 - 7) + 8. Let j = 267 + l. Let y(b) = b**3 - 5*b**2 - 9*b + 2. Determine y(j).
-16
Let y(v) = -v**2 - 2*v - 4. Let o be 5 - (-12)/(-2) - -5. Let t be (-2)/o - (-6)/12. Calculate y(t).
-4
Let c(a) = -904*a + 2 - 925*a + 1828*a. Calculate c(-8).
10
Let s(t) = t**3 + 7*t**2 + 3*t + 14. Let p(d) = 305*d + 2129. Let w be p(-7). Calculate s(w).
32
Let m(f) = f**2 + 11*f + 11. Let v be (18/((-9)/3))/(-2). Suppose v*z - 4*z = 0, r + 3*z = 5. Let d be -12 + 8/20*r. What is m(d)?
1
Let o(h) be the first derivative of h**3/3 + 8*h**2 